386672561 prime?
True
Is 23959623157 composite?
False
Is 12242565841 a prime number?
False
Is 8223181849 composite?
False
Is 1396888271 prime?
False
Is 16176071 a prime number?
True
Is 354175267 a prime number?
True
Is 155178203 composite?
False
Is 170656742 a prime number?
False
Is 4915848893 a prime number?
False
Is 385202431 a prime number?
False
Is 47937859661 prime?
True
Is 18010656731 a composite number?
True
Is 304565891 prime?
False
Is 29135366753 a prime number?
False
Is 65467573 prime?
False
Is 9265866387 a composite number?
True
Is 850315181 a composite number?
False
Is 2894568167 a prime number?
False
Is 790470797 a prime number?
False
Is 12657680381 a prime number?
True
Is 15621665503 prime?
True
Is 63296202037 a composite number?
True
Is 5161609 a prime number?
True
Is 1271685505 a composite number?
True
Is 1105507387 a composite number?
False
Is 561416561 a composite number?
False
Is 4064128741 a prime number?
True
Is 505358767 prime?
False
Is 4800617662 prime?
False
Is 9392012449 composite?
True
Is 10195005935 composite?
True
Is 1856466379 a composite number?
True
Is 2895317933 composite?
True
Is 90962655523 a prime number?
False
Is 2888073139 a prime number?
False
Is 2613218311 prime?
False
Is 1367551301 a composite number?
False
Is 2193975373 composite?
False
Is 123153997 a composite number?
True
Is 935499094 a prime number?
False
Is 14101886447 a prime number?
False
Is 12371120347 prime?
True
Is 657580817 a composite number?
False
Is 130788433 composite?
False
Is 28401696497 prime?
True
Is 567235342 composite?
True
Is 65298929 a prime number?
False
Is 17321579209 a composite number?
True
Is 22251805603 composite?
True
Is 15706645 prime?
False
Is 6408973229 a composite number?
False
Is 30880077067 a prime number?
False
Is 6600822359 composite?
True
Is 23676626927 a prime number?
True
Is 1626811931 a composite number?
False
Is 18569494949 a prime number?
True
Is 1061227877 a composite number?
False
Is 11532844261 prime?
True
Is 946330067 composite?
False
Is 31342226401 composite?
False
Is 5625576949 composite?
False
Is 5598402409 composite?
False
Is 86089303877 a prime number?
True
Is 2895852067 a prime number?
False
Is 19594989289 a prime number?
False
Is 19171773479 a composite number?
False
Is 89059518505 prime?
False
Is 232702073 a composite number?
True
Is 335540581 a prime number?
True
Is 11813018831 composite?
True
Is 157755975631 a composite number?
False
Is 560159689 prime?
False
Is 3976087403 a prime number?
True
Is 15899545327 prime?
False
Is 30546716959 composite?
True
Is 43579847 a composite number?
False
Is 3186491489 a composite number?
False
Is 3715603051 prime?
True
Is 685138681 a composite number?
True
Is 99003467 prime?
True
Is 6467624543 a prime number?
True
Is 6135568099 a composite number?
True
Is 104056831 prime?
True
Is 2686337 prime?
True
Is 8711444549 composite?
True
Is 312723842 composite?
True
Is 259884167131 prime?
True
Is 177443846813 a prime number?
True
Is 23221794599 prime?
True
Is 19753711009 a prime number?
True
Is 54115185983 a composite number?
True
Is 28072400399 prime?
True
Is 1224364363 a composite number?
True
Is 6039361 a prime number?
False
Is 4205734063 composite?
False
Is 4841151197 prime?
False
Is 2592830393 composite?
False
Is 1086720707 a prime number?
True
Is 5816731358 prime?
False
Is 1866536879 composite?
True
Is 7125872359 prime?
True
Is 40181807249 prime?
True
Is 1252940349 composite?
True
Is 2321770807 a composite number?
False
Is 37741513067 composite?
False
Is 13260256223 composite?
False
Is 22089529867 a prime number?
True
Is 8456182467 a prime number?
False
Is 13380437443 a composite number?
True
Is 22653264061 prime?
False
Is 218914951 a composite number?
False
Is 18912925237 a composite number?
True
Is 16651477 a prime number?
False
Is 13164974527 a composite number?
True
Is 9975691567 prime?
True
Is 591736440983 a prime number?
False
Is 6523068239 a composite number?
True
Is 7810252901 prime?
False
Is 1719203041 a composite number?
False
Is 10957483261 a composite number?
False
Is 1136048687 a prime number?
False
Is 169287781745 a composite number?
True
Is 3363814099 composite?
False
Is 409074851 prime?
True
Is 4566248077 composite?
True
Is 18789192973 prime?
False
Is 693478117 prime?
True
Is 524475355 a composite number?
True
Is 1317555857 composite?
False
Is 12880829069 prime?
False
Is 25031308831 a composite number?
False
Is 2340313351 prime?
False
Is 38945311187 a prime number?
True
Is 912423815 a composite number?
True
Is 36119525549 a composite number?
True
Is 8145623923 prime?
True
Is 11280605797 a composite number?
True
Is 256005552259 a prime number?
True
Is 4051194109 a prime number?
False
Is 5255003341 composite?
True
Is 10278702149 a prime number?
True
Is 2594035099 a composite number?
True
Is 427975609 prime?
False
Is 13825822733 composite?
False
Is 29965151 a composite number?
False
Is 2224574931 a composite number?
True
Is 9819842477 prime?
True
Is 16717160233 a prime number?
False
Is 1526532419 prime?
False
Is 5473127629 a prime number?
True
Is 588276971 a prime number?
False
Is 3753978871 a composite number?
True
Is 1008083863 composite?
True
Is 2103306367 composite?
False
Is 6203809897 a prime number?
True
Is 58751213 a composite number?
False
Is 13616941867 a prime number?
False
Is 1295725163 a composite number?
True
Is 682206431 composite?
True
Is 2445070801 a composite number?
True
Is 98576082119 composite?
True
Is 9781568909 prime?
False
Is 2478261179 prime?
False
Is 25969909241 composite?
False
Is 67460388889 a prime number?
False
Is 531474442 composite?
True
Is 752838887 composite?
False
Is 5473686381 a prime number?
False
Is 74833472437 composite?
True
Is 1398800263 composite?
True
Is 1882709537 a prime number?
True
Is 2451139741 a prime number?
True
Is 661075253 prime?
True
Is 149683253 a composite number?
False
Is 12361846022 prime?
False
Is 151967317 a composite number?
False
Is 9685781319 prime?
False
Is 47399267 a composite number?
False
Is 13024777607 a prime number?
True
Is 215144959 a prime number?
True
Is 4385813303 a composite number?
False
Is 135136073 composite?
False
Is 94243783819 prime?
True
Is 61975811611 composite?
True
Is 1792699889 prime?
True
Is 9939736541 a prime number?
False
Is 25069918669 prime?
True
Is 1672323647 prime?
True
Is 54962444897 a composite number?
False
Is 13277462857 a prime number?
True
Is 29670971261 composite?
False
Is 108222688363 composite?
False
Is 5245042259 a prime number?
False
Is 85030736321 a prime number?
True
Is 49353233 composite?
False
Is 1334468717 prime?
False
Is 39029073827 composite?
True
Is 70988758259 prime?
True
Is 4241807597 a prime number?
True
Is 6049683503 a prime number?
True
Is 28770417569 a prime number?
False
Is 662411551 prime?
True
Is 117790481651 prime?
False
Is 323280379 prime?
True
Is 850171759 a composite number?
True
Is 926453071 prime?
True
Is 338626317 a prime number?
False
Is 157217790734 a composite number?
True
Is 159222961 composite?
False
Is 7654265659 a composite number?
False
Is 1155007933 a prime number?
True
Is 133474597 prime?
False
Is 834474559 a composite number?
True
Is 3887673674 a composite number?
True
Is 67607066677 a prime number?
True
Is 104340107 a prime number?
True
Is 7021129343 prime?
False
Is 14698770917 prime?
True
Is 106204157 a prime number?
True
Is 3556673959 prime?
False
Is 1765850909 a composite number?
False
Is 110151218 composite?
True
Is 316927661 a composite number?
True
Is 1674141869 prime?
False
Is 28325082127 a prime number?
True
Is 660249187 prime?
False
Is 3343186673 a composite number?
False
Is 8785031809 prime?
False
Is 26977852919 prime?
True
Is 1231949143 a composite number?
True
Is 17827429 prime?
False
Is 72927090829 composite?
False
Is 7435291741 a composite number?
False
Is 193989865 a composite number?
True
Is 317486311 composite?
False
Is 29715264239 a prime number?
False
Is 16036481 composite?
True
Is 3434574371 composite?
True
Is 171921649 a prime number?
False
Is 11073741589 a prime number?
True
Is 243020881 a prime number?
False
Is 2108177 a composite number?
False
Is 89643125843 composite?
False
Is 1807403891 a composite number?
True
Is 17992779887 a prime number?
False
Is 17336681267 prime?
False
Is 15300804